7/(-123))/(2/(-894)). Calculate the greatest common factor of r and 7.
7
Let x be (-108)/(-252) - 571/(-7). Calculate the highest common factor of x and 82.
82
Let m be ((-9)/((-81)/(-12)))/(8/(-252)). Calculate the highest common divisor of m and 525.
21
Let n be (-12)/(-2) + (-8)/4. Let p = -3 + n. Let m = p - -9. What is the greatest common factor of 30 and m?
10
Let k = 26 - 15. Let s = 5 + -5. Let a = s - -1. Calculate the highest common divisor of k and a.
1
Let h(r) = -2*r**2 - 147*r - 56. Let l be h(-58). What is the highest common divisor of l and 52?
26
Let c = 9 - 13. Let n = 28 + c. Let l be 27/1*4/3. Calculate the highest common factor of l and n.
12
Let r = -647 + 367. Let z = r + 427. Calculate the highest common divisor of 21 and z.
21
Let o be (882/5)/3*((-1)/(-3) - -3). Let q be (14/(-3))/((-1)/6). Calculate the highest common factor of q and o.
28
Suppose 0 = 5*q - 2*q - 153. Suppose 107 = 3*v - 5*m, -153*v + 37 = -152*v - 3*m. Calculate the greatest common divisor of v and q.
17
Let q be (-5)/(4/168*-5). What is the greatest common divisor of q and 182?
14
Let u be (-5)/(-2) - 3/(-6). Let r(q) = -2*q - 5. Let p = -15 + 11. Let l be r(p). What is the greatest common divisor of u and l?
3
Let z = -724 + 728. Let v be ((-6)/5)/(1/5). Let j(a) = a**3 + 5*a**2 - 8*a - 8. Let h be j(v). What is the highest common divisor of h and z?
4
Let v be (-4)/5 + (-456)/(-20). Calculate the greatest common factor of v and 242.
22
Let h be -2 + 0 + 3 - -17. Let n(d) = -6*d + 48. Let l be n(-13). What is the greatest common divisor of h and l?
18
Suppose -2*t = -2*y - 3*y - 232, -3*t + 366 = -3*y. Calculate the greatest common divisor of 182 and t.
14
Let k be -87 + 91 - 7/1*-1. Let y = 10 - -1. Calculate the highest common divisor of y and k.
11
Let m = 3 + 17. Let d = m + -16. Suppose 36 = d*j - 0*j. What is the highest common factor of j and 6?
3
Suppose -4 = -j - 15. Suppose c = -0*c + 4*f - 7, -4*c + 2*f - 14 = 0. Let q = c - j. Calculate the greatest common divisor of q and 32.
8
Let f(b) = -11*b + 3. Let k be f(6). Let x = -30 - k. What is the greatest common divisor of 3 and x?
3
Suppose -4 + 0 = -2*r, -84 = -4*b - 4*r. What is the highest common divisor of b and 152?
19
Let p = -7 - -10. Let r be (4 - 127/p)*-6. Suppose -5*d - 3*i = -636, 2*d + i - 24 = r. Calculate the highest common factor of d and 14.
14
Let v be 6/15 - 1266/15. Let s = -147 - v. Let w be (s + (-4 - -3))*-3. Calculate the highest common factor of w and 24.
24
Let j be ((-8)/(32/(-282)))/(3/4). Suppose -3*r + v = -j, r - 5*r + 134 = 3*v. Calculate the highest common divisor of 2 and r.
2
Suppose 2*g + 6 = 4*g. Suppose 0*s = -g*s + 150. Let h be (-36)/(-54) + s/6. What is the greatest common divisor of h and 9?
9
Let d = -59 + 178. Suppose -2*n - 3*p + d = 0, -5*n + 195 + 105 = 5*p. Suppose n = 4*w - 63. What is the highest common divisor of 248 and w?
31
Suppose 3*y = -2*b + 20, 50 = 7*b - 2*b - y. Let w be 4 + 2*(-15)/b. What is the highest common divisor of 1 and w?
1
Suppose 2*u = -3*s + 12, 5*u = 3*s + 11 + 61. Calculate the greatest common factor of 768 and u.
12
Let h be -1 + 5 + -3 + 2. Suppose -5*x - 6 = -2*o, h*x + 0*x = -2*o + 6. Calculate the highest common factor of 3 and o.
3
Let p(l) = -13*l**3 + 2*l + 1. Let b(i) = i + 8. Let a be b(-9). Let n be p(a). Suppose -2*r + 0*r + 120 = 0. What is the greatest common factor of n and r?
12
Suppose -4*o - 126 = -5*h, -4*o - 12 - 4 = 0. Let p be -62*(h/(-4) + 5). What is the highest common divisor of p and 341?
31
Let z(f) = f**3 + 4*f**2 + 2. Let c be z(-4). Suppose -3*h + 5*b = -c*h - 12, 0 = 5*h + 5*b. Let q = h + 1. Calculate the highest common divisor of 3 and q.
3
Let d(r) = -r - 3. Let t be d(-8). Suppose -2*y = -2*m + 78, -m - 6 = 2*y - 33. Let c be m*(-1)/1*-1. Calculate the highest common factor of c and t.
5
Suppose -2*o + 33 = 5*n, -o + 72 = 4*o + 2*n. Let k = o + 0. Suppose -28 = 21*l - 22*l. What is the greatest common divisor of l and k?
14
Let q = 589 + -408. Suppose -3*z + q = h, -2*z - 238 = -6*z + 2*h. Calculate the greatest common divisor of 80 and z.
20
Let i = 63 - 36. Suppose 5*z - s + 18 = 47, -4*z - 3*s + i = 0. What is the highest common factor of z and 66?
6
Let y(r) = 94 - 70*r - 43 + 82 + 72*r. Let t be y(0). What is the greatest common divisor of t and 19?
19
Suppose 16*n - 205 = 179. Calculate the greatest common divisor of n and 32.
8
Suppose -2*k + 31 = -3. Let p = 17 + -14. Let w be (1/(-2) - p)*-34. What is the highest common divisor of w and k?
17
Let f be (-2)/9 + (160/9)/8. Suppose -2*b - 3*b - f*n = -21, 0 = -5*b + 2*n + 29. Calculate the greatest common factor of b and 25.
5
Suppose 3*v = -v + 24. Let d(u) = -u**2 + 8*u - 8. Let i be d(v). Suppose i*l = -t + 120, 120 = 2*t - t + 2*l. What is the greatest common divisor of 15 and t?
15
Suppose 0 = -8*q - 367 + 1311. Calculate the highest common divisor of 59 and q.
59
Suppose -24 = -2*q - 3*c + c, -2*c = 4*q - 40. Let i be 2/(-2 - (-2 - -2)). Let a be i/(-2) + 315/10. Calculate the greatest common factor of q and a.
8
Suppose -4*q = k - 7, -q = -2*k + 3*k + 2. Let y be q/(1/(4/(-3))). Let o(s) = -12*s + 2. Let a be o(y). Calculate the highest common factor of a and 20.
10
Suppose 4*c = -2*z - 28, -12 = -c + 5*z + 3. Let t be (50/3)/(c/15). Let o = -33 - t. What is the greatest common divisor of o and 51?
17
Suppose 4*h - 192 = -0*h. Let x(g) = -g**3 + 24*g**2 + 69*g - 436. Let m be x(26). What is the greatest common divisor of h and m?
6
Suppose 3*u = 24*u - 210. Let s = 110 + -30. Calculate the greatest common divisor of s and u.
10
Let s be (-339)/(-9) + (-7)/(-21) - 3. Calculate the highest common divisor of s and 7.
7
Suppose -28 = l - 3*l. Let b = -230 - -262. Let f = b - l. What is the greatest common factor of f and 9?
9
Let f = -1081 - -1101. Calculate the greatest common factor of 500 and f.
20
Let j(a) = 317*a**2 + 2*a - 3. Let p be j(-2). What is the greatest common divisor of 194 and p?
97
Let x be 1 - 3/6*66. Let i = x + 48. What is the greatest common divisor of i and 80?
16
Let q = 393 + -239. Suppose -2*c + q = -6. Calculate the highest common factor of c and 60.
20
Let m = 3 + -20. Let l = m + 9. Let f(o) = -o**3 - 8*o**2 + 4. Let s be f(l). Calculate the greatest common factor of 20 and s.
4
Suppose -18 = i + 1. Let f be -2*(0 - i/(-2)). Let q(w) = w**3 + 9*w**2 - 117*w - 61. Let g be q(-16). What is the greatest common divisor of f and g?
19
Let i = 24 - 17. Let s be -2 - 9/((-27)/12). Suppose s*x - 3*n = 160, -8*n = 2*x - 4*n - 146. What is the highest common factor of x and i?
7
Let f(q) = -41*q - 2. Let c be f(-2). Let x = -16 - -19. Let t(g) = 3*g**2 - 3*g + 2. Let h be t(x). What is the greatest common divisor of h and c?
20
Suppose 3*q - 3*z = 69 + 171, -q - 2*z = -95. Calculate the greatest common divisor of 187 and q.
17
Let t be 3/3*-1*11. Let y = t + 14. Calculate the highest common factor of y and 9.
3
Suppose 15 = 5*v - 0*v. Let j = -89 + 101. What is the highest common divisor of v and j?
3
Let c be ((-666)/27)/(6/(-9)). Suppose 5*j - 292 + c = 0. What is the highest common factor of 34 and j?
17
Let x = -3 + 6. Suppose -3*b - 47 = -4*i, -5*i - x*b = 2*b - 50. Suppose p = 5*c - 4, -4*p - 6 = -3*c - 41. Calculate the highest common factor of i and p.
11
Let f be 2/5 + 281008/280. What is the highest common factor of 4 and f?
4
Suppose 0 = -g + 2*g - 5*o - 619, -1897 = -3*g - 5*o. What is the highest common factor of 37 and g?
37
Let b be (0 - -5)/(4*(-15)/(-216)). What is the greatest common divisor of 18 and b?
18
Let y be 3*3/18*18. Suppose 0 = 3*k - y. Suppose 4*f = k*f + 112. What is the greatest common factor of f and 14?
14
Suppose -61*q - 3489 = -8857. Calculate the highest common factor of q and 168.
8
Let v(s) be the second derivative of s**3/2 + 4*s**2 + 5*s. Let c be v(14). Calculate the highest common factor of 10 and c.
10
Let p(t) = -t**2 + 31*t + 182. Let v be p(32). Suppose l = -5*q - l + 150, -3*q - l = -90. Calculate the highest common factor of q and v.
30
Suppose -u + 132 = -5*u. Let w be 36/6*u/(-2). Suppose 3*o + o - 44 = 0. What is the highest common factor of w and o?
11
Let b = 15 + -18. Let v = b + 29. Suppose -2*d + 9 = -s + 1, 5*d - v = s. What is the greatest